{"id":1985,"date":"2016-08-18T15:35:07","date_gmt":"2016-08-18T13:35:07","guid":{"rendered":"http:\/\/www.kenial.de\/?page_id=1985"},"modified":"2025-07-24T10:11:20","modified_gmt":"2025-07-24T08:11:20","slug":"kenia-2016","status":"publish","type":"page","link":"https:\/\/www.kenial.de\/de\/kenial\/kenia\/kenia-2016\/","title":{"rendered":"Kenia 2016"},"content":{"rendered":"<a href=\"https:\/\/www.kenial.de\/de\/kenial\/kenia\/kenia-2015\/\">Kenia 2015<\/a> \u2022 Kenia 2016 \u2022 <a href=\"https:\/\/www.kenial.de\/de\/kenia-2017\/\">Kenia 2017<\/a> \u2022 <a href=\"https:\/\/www.kenial.de\/de\/kenial\/kenia\/kenia-2019\/\">Kenia 2019<\/a> \u2022 <a href=\"https:\/\/www.kenial.de\/de\/kenial\/kenia\/kenia-2020\/\">Kenia 2020<\/a> \u2022 <a href=\"https:\/\/www.kenial.de\/de\/kenial\/kenia\/kenia-2021\/\">Kenia 2021<\/a> \u2022 <a href=\"https:\/\/www.kenial.de\/de\/kenial\/kenia\/kenia-2022\/\">Kenia 2022<\/a> \u2022 <a href=\"https:\/\/www.kenial.de\/de\/kenial\/kenia\/kenia-2023\/\">Kenia 2023<\/a> \u2022 <a href=\"https:\/\/www.kenial.de\/de\/kenial\/kenia\/kenia-2024\/\">Kenia 2024<\/a> \u2022 <a href=\"https:\/\/www.kenial.de\/de\/kenial\/kenia\/kenia-2025\/\">Kenia 2025<\/a><\/p>\n<p>Im August 2016 machen sich erneut zwei Bergsteiger auf zum Mount Kenya. Genauer zum Lenana Gipfel des Berges. Die beiden S\u00fcdtiroler Ida und Hansj\u00f6rg Profanter ersteigen nicht nur den wunderbaren Berg an einem sonnigen Tag, sie besuchen auch zuvor die Waisenkinder der Utunzi Kwa Watoto Organisation. Und bringen den Kindern Bergschuhe mit. F\u00fcr die langen, schlammigen Wege zur Schule. Alles klappt wie geplant. Schon am Flughafen werden die beiden von der Sozialarbeiterin Bena abgeholt. Danach werden vor Ort die richtigen Gr\u00f6\u00dfen herausgesucht, und alle Schuhe benamt. Und auf geht&#8217;s zu den Kindern. Neue Schuhe f\u00fcr Rosemary, Stephen, Rahab, Joyce und viele mehr. Ganz einfach. Sportler gehen raus in die Welt, und bringen den Kindern vor Ort das, was diese wirklich brauchen.<\/p>\n<p>&nbsp;<\/p>\n<div class=\"oneThird\"><img loading=\"lazy\" decoding=\"async\" class=\"alignnone wp-image-1996 size-full\" src=\"https:\/\/www.kenial.de\/wp-content\/uploads\/2016\/08\/lowa_klein.jpg\" width=\"200\" height=\"148\" \/><br \/>\nDanke an LOWA und den unerm\u00fcdlichen Arthur f\u00fcr die phantastische Spende von so vielen Bergschuhe.<\/p>\n<\/div>\n<div class=\"oneThird\"><img loading=\"lazy\" decoding=\"async\" class=\"alignnone wp-image-1994 size-full\" src=\"https:\/\/www.kenial.de\/wp-content\/uploads\/2016\/08\/labeling.jpg\" width=\"200\" height=\"148\" \/><br \/>\nNakuru. Nach Ankunft werden mit der Sozialarbeiterin alle Schuhe mit Namen versehen. Und an die Kinder verteilt.<\/p>\n<\/div>\n<div class=\"oneThird last\"><img loading=\"lazy\" decoding=\"async\" class=\"alignnone wp-image-1993 size-full\" src=\"https:\/\/www.kenial.de\/wp-content\/uploads\/2016\/08\/new_shoes.jpg\" width=\"200\" height=\"148\" \/><br \/>\nNeue Schuhe, pers\u00f6nlich \u00fcberbracht an die Kinder am Fu\u00dfe des Mout Kenya.<\/p>\n<\/div><div class=\"clear\"><\/div>\n<div class=\"oneThird\"><img loading=\"lazy\" decoding=\"async\" class=\"alignnone wp-image-1992 size-full\" src=\"https:\/\/www.kenial.de\/wp-content\/uploads\/2016\/08\/kids.jpg\" width=\"200\" height=\"148\" \/><br \/>\nUnd warme Jacken f\u00fcr die ganz kleinen. Danke an Marmot f\u00fcr die Spende. <a href=\"https:\/\/www.kenial.de\/de\/kenial\/kenia\/kenia-2016\/galerie-kenia-16\/\"><span class=\"dropcap circle\">G<\/span>Galerie 2016<\/a><\/p>\n<\/div>\n<div class=\"oneThird\"><img loading=\"lazy\" decoding=\"async\" class=\"alignnone wp-image-2080 size-full\" src=\"https:\/\/www.kenial.de\/wp-content\/uploads\/2016\/08\/summit_lenana.jpg\" width=\"200\" height=\"148\" \/><br \/>\nLenana. Nachdem die Schuhe verteilt sind, geht es auf zum Mount Kenya, und zu einer wunderbaren Bergtour zum Lenana Gipfel des Berges.<\/p>\n<\/div>\n<div class=\"oneThird last\"><img loading=\"lazy\" decoding=\"async\" class=\"alignnone wp-image-1991 size-full\" src=\"https:\/\/www.kenial.de\/wp-content\/uploads\/2016\/08\/hj_ida.jpg\" width=\"200\" height=\"148\" \/><br \/>\nAthleten. Hansj\u00f6rg und Ida Profanter aus S\u00fcdtirol. F\u00fcr die beiden war es kein Aufwand. Aber ein gro\u00dfartiger und sehr pers\u00f6nlicher Einblick in das Land.<br \/>\n<\/div><div class=\"clear\"><\/div>\n<div class=\"theParallaxCrestaBlock\"><div class=\"theParallaxCresta fortunato-short-parallax-406\" style=\"background-image: url(https:\/\/www.kenial.de\/wp-content\/uploads\/2016\/08\/lenana2.jpg); height:1080px;\"><h2><\/h2><\/div><\/div><script type=\"text\/javascript\">(function($) { $(document).ready(function() { if ( \/Android|webOS|iPhone|iPad|iPod|BlackBerry|IEMobile|Opera Mini\/i.test(navigator.userAgent) ) {} else { $(\".fortunato-short-parallax-406\").scrollparallax(\"50%\", \"0.2\"); } }); })(jQuery);<\/script>","protected":false},"excerpt":{"rendered":"<p>Kenia 2015 \u2022 Kenia 2016 \u2022 Kenia 2017 \u2022 Kenia 2019 \u2022 Kenia 2020 \u2022 Kenia 2021 \u2022 Kenia 2022 \u2022 Kenia 2023 \u2022 Kenia 2024 \u2022 Kenia 2025 Im August 2016 machen sich erneut zwei Bergsteiger auf zum Mount Kenya. Genauer zum Lenana Gipfel des Berges. Die beiden S\u00fcdtiroler Ida und Hansj\u00f6rg Profanter ersteigen&hellip;<\/p>\n","protected":false},"author":1,"featured_media":2012,"parent":606,"menu_order":0,"comment_status":"closed","ping_status":"closed","template":"","meta":{"footnotes":""},"class_list":["post-1985","page","type-page","status-publish","has-post-thumbnail","hentry"],"_links":{"self":[{"href":"https:\/\/www.kenial.de\/de\/wp-json\/wp\/v2\/pages\/1985","targetHints":{"allow":["GET"]}}],"collection":[{"href":"https:\/\/www.kenial.de\/de\/wp-json\/wp\/v2\/pages"}],"about":[{"href":"https:\/\/www.kenial.de\/de\/wp-json\/wp\/v2\/types\/page"}],"author":[{"embeddable":true,"href":"https:\/\/www.kenial.de\/de\/wp-json\/wp\/v2\/users\/1"}],"replies":[{"embeddable":true,"href":"https:\/\/www.kenial.de\/de\/wp-json\/wp\/v2\/comments?post=1985"}],"version-history":[{"count":6,"href":"https:\/\/www.kenial.de\/de\/wp-json\/wp\/v2\/pages\/1985\/revisions"}],"predecessor-version":[{"id":10129,"href":"https:\/\/www.kenial.de\/de\/wp-json\/wp\/v2\/pages\/1985\/revisions\/10129"}],"up":[{"embeddable":true,"href":"https:\/\/www.kenial.de\/de\/wp-json\/wp\/v2\/pages\/606"}],"wp:featuredmedia":[{"embeddable":true,"href":"https:\/\/www.kenial.de\/de\/wp-json\/wp\/v2\/media\/2012"}],"wp:attachment":[{"href":"https:\/\/www.kenial.de\/de\/wp-json\/wp\/v2\/media?parent=1985"}],"curies":[{"name":"wp","href":"https:\/\/api.w.org\/{rel}","templated":true}]}}

<a href="https://www.kenial.de/de/kenial/kenia/kenia-2015/">Kenia 2015</a> • Kenia 2016 • <a href="https://www.kenial.de/de/kenia-2017/">Kenia 2017</a> • <a href="https://www.kenial.de/de/kenial/kenia/kenia-2019/">Kenia 2019</a> • <a href="https://www.kenial.de/de/kenial/kenia/kenia-2020/">Kenia 2020</a> • <a href="https://www.kenial.de/de/kenial/kenia/kenia-2021/">Kenia 2021</a> • <a href="https://www.kenial.de/de/kenial/kenia/kenia-2022/">Kenia 2022</a> • <a href="https://www.kenial.de/de/kenial/kenia/kenia-2023/">Kenia 2023</a> • <a href="https://www.kenial.de/de/kenial/kenia/kenia-2024/">Kenia 2024</a> • <a href="https://www.kenial.de/de/kenial/kenia/kenia-2025/">Kenia 2025</a></p>
<p>Im August 2016 machen sich erneut zwei Bergsteiger auf zum Mount Kenya. Genauer zum Lenana Gipfel des Berges. Die beiden Südtiroler Ida und Hansjörg Profanter ersteigen nicht nur den wunderbaren Berg an einem sonnigen Tag, sie besuchen auch zuvor die Waisenkinder der Utunzi Kwa Watoto Organisation. Und bringen den Kindern Bergschuhe mit. Für die langen, schlammigen Wege zur Schule. Alles klappt wie geplant. Schon am Flughafen werden die beiden von der Sozialarbeiterin Bena abgeholt. Danach werden vor Ort die richtigen Größen herausgesucht, und alle Schuhe benamt. Und auf geht&#8217;s zu den Kindern. Neue Schuhe für Rosemary, Stephen, Rahab, Joyce und viele mehr. Ganz einfach. Sportler gehen raus in die Welt, und bringen den Kindern vor Ort das, was diese wirklich brauchen.</p>
<p>&nbsp;</p>
<div class="oneThird"><img loading="lazy" decoding="async" class="alignnone wp-image-1996 size-full" src="https://www.kenial.de/wp-content/uploads/2016/08/lowa_klein.jpg" width="200" height="148" /><br />
Danke an LOWA und den unermüdlichen Arthur für die phantastische Spende von so vielen Bergschuhe.</p>
</div>
<div class="oneThird"><img loading="lazy" decoding="async" class="alignnone wp-image-1994 size-full" src="https://www.kenial.de/wp-content/uploads/2016/08/labeling.jpg" width="200" height="148" /><br />
Nakuru. Nach Ankunft werden mit der Sozialarbeiterin alle Schuhe mit Namen versehen. Und an die Kinder verteilt.</p>
</div>
<div class="oneThird last"><img loading="lazy" decoding="async" class="alignnone wp-image-1993 size-full" src="https://www.kenial.de/wp-content/uploads/2016/08/new_shoes.jpg" width="200" height="148" /><br />
Neue Schuhe, persönlich überbracht an die Kinder am Fuße des Mout Kenya.</p>
</div><div class="clear"></div>
<div class="oneThird"><img loading="lazy" decoding="async" class="alignnone wp-image-1992 size-full" src="https://www.kenial.de/wp-content/uploads/2016/08/kids.jpg" width="200" height="148" /><br />
Und warme Jacken für die ganz kleinen. Danke an Marmot für die Spende. <a href="https://www.kenial.de/de/kenial/kenia/kenia-2016/galerie-kenia-16/"><span class="dropcap circle">G</span>Galerie 2016</a></p>
</div>
<div class="oneThird"><img loading="lazy" decoding="async" class="alignnone wp-image-2080 size-full" src="https://www.kenial.de/wp-content/uploads/2016/08/summit_lenana.jpg" width="200" height="148" /><br />
Lenana. Nachdem die Schuhe verteilt sind, geht es auf zum Mount Kenya, und zu einer wunderbaren Bergtour zum Lenana Gipfel des Berges.</p>
</div>
<div class="oneThird last"><img loading="lazy" decoding="async" class="alignnone wp-image-1991 size-full" src="https://www.kenial.de/wp-content/uploads/2016/08/hj_ida.jpg" width="200" height="148" /><br />
Athleten. Hansjörg und Ida Profanter aus Südtirol. Für die beiden war es kein Aufwand. Aber ein großartiger und sehr persönlicher Einblick in das Land.<br />
</div><div class="clear"></div>
<div class="theParallaxCrestaBlock"><div class="theParallaxCresta fortunato-short-parallax-406" style="background-image: url(https://www.kenial.de/wp-content/uploads/2016/08/lenana2.jpg); height:1080px;"><h2></h2></div></div><script type="text/javascript">(function($) { $(document).ready(function() { if ( /Android|webOS|iPhone|iPad|iPod|BlackBerry|IEMobile|Opera Mini/i.test(navigator.userAgent) ) {} else { $(".fortunato-short-parallax-406").scrollparallax("50%", "0.2"); } }); })(jQuery);</script>

<p>Kenia 2015 • Kenia 2016 • Kenia 2017 • Kenia 2019 • Kenia 2020 • Kenia 2021 • Kenia 2022 • Kenia 2023 • Kenia 2024 • Kenia 2025 Im August 2016 machen sich erneut zwei Bergsteiger auf zum Mount Kenya. Genauer zum Lenana Gipfel des Berges. Die beiden Südtiroler Ida und Hansjörg Profanter ersteigen&hellip;</p>
